culate the remainder when 378163 is divided by 188940.
283
Calculate the remainder when 172773 is divided by 21594.
21
Calculate the remainder when 3887 is divided by 3254.
633
What is the remainder when 805443 is divided by 161056?
163
Calculate the remainder when 496677 is divided by 164.
85
Calculate the remainder when 189711 is divided by 94845.
21
What is the remainder when 237923916 is divided by 11?
10
What is the remainder when 49950909 is divided by 53?
52
Calculate the remainder when 130659 is divided by 1860.
459
Calculate the remainder when 36580878 is divided by 10539.
9
Calculate the remainder when 760589 is divided by 4271.
351
What is the remainder when 151189625 is divided by 69?
68
What is the remainder when 5669559 is divided by 1669?
1635
Calculate the remainder when 17864275 is divided by 45.
40
What is the remainder when 3894765 is divided by 1298233?
66
What is the remainder when 2019566 is divided by 2019547?
19
Calculate the remainder when 662160 is divided by 10223.
7888
What is the remainder when 77627 is divided by 957?
110
Calculate the remainder when 6073130 is divided by 73170.
20
Calculate the remainder when 64642917 is divided by 32.
5
What is the remainder when 117075148 is divided by 38?
36
What is the remainder when 933927 is divided by 1511?
129
Calculate the remainder when 174485 is divided by 43594.
109
Calculate the remainder when 2691058 is divided by 84094.
50
What is the remainder when 60708222 is divided by 2176?
2174
What is the remainder when 373332 is divided by 9355?
8487
Calculate the remainder when 466381 is divided by 6056.
69
What is the remainder when 1444988 is divided by 243?
110
Calculate the remainder when 263329 is divided by 586.
215
What is the remainder when 277948413 is divided by 9728?
9725
What is the remainder when 23981955 is divided by 7993985?
0
What is the remainder when 10975226 is divided by 1462?
1454
What is the remainder when 3391175 is divided by 1130342?
149
Calculate the remainder when 1605911 is divided by 606.
11
Calculate the remainder when 52321527 is divided by 2702.
2701
What is the remainder when 489867 is divided by 4187?
4175
Calculate the remainder when 260879 is divided by 2440.
2239
What is the remainder when 17327678 is divided by 85?
3
What is the remainder when 419592 is divided by 1682?
774
Calculate the remainder when 35633476 is divided by 11877822.
10
What is the remainder when 56517 is divided by 14063?
265
Calculate the remainder when 152343 is divided by 192.
87
Calculate the remainder when 1078484 is divided by 539032.
420
Calculate the remainder when 22166046 is divided by 645.
621
What is the remainder when 370107 is divided by 61?
20
Calculate the remainder when 3336436 is divided by 489.
478
Calculate the remainder when 80370 is divided by 6691.
78
Calculate the remainder when 898892 is divided by 404.
396
What is the remainder when 249506 is divided by 39?
23
What is the remainder when 1745052 is divided by 870889?
3274
What is the remainder when 654705 is divided by 26137?
1280
What is the remainder when 8953 is divided by 453?
346
Calculate the remainder when 265020 is divided by 88328.
36
What is the remainder when 2400483 is divided by 600118?
11
What is the remainder when 431004 is divided by 430967?
37
What is the remainder when 2583160 is divided by 10458?
34
What is the remainder when 1197747 is divided by 598825?
97
Calculate the remainder when 856456 is divided by 107051.
48
What is the remainder when 52904 is divided by 49514?
3390
What is the remainder when 16879718 is divided by 676?
674
Calculate the remainder when 4630533 is divided by 1314.
1311
What is the remainder when 1922 is divided by 432?
194
What is the remainder when 1077719 is divided by 1501?
1
Calculate the remainder when 21671785 is divided by 17.
15
What is the remainder when 120038 is divided by 521?
208
What is the remainder when 198612 is divided by 2976?
2196
What is the remainder when 204822 is divided by 3419?
3101
What is the remainder when 13117 is divided by 1285?
267
Calculate the remainder when 1641668 is divided by 669.
611
Calculate the remainder when 1424749 is divided by 149.
11
Calculate the remainder when 411697 is divided by 6620.
1257
Calculate the remainder when 225822 is divided by 109816.
6190
Calculate the remainder when 35851864 is divided by 19.
4
What is the remainder when 52745 is divided by 3938?
1551
Calculate the remainder when 26635645 is divided by 1819.
28
Calculate the remainder when 29786712 is divided by 271.
18
Calculate the remainder when 662650 is divided by 319.
87
What is the remainder when 2410467 is divided by 260?
7
Calculate the remainder when 1003163 is divided by 2573.
2266
Calculate the remainder when 28536428 is divided by 57.
5
What is the remainder when 20109 is divided by 3017?
2007
Calculate the remainder when 22046533 is divided by 121804.
9
Calculate the remainder when 35910420 is divided by 2244399.
36
What is the remainder when 136043 is divided by 4121?
50
What is the remainder when 7422856 is divided by 6399?
16
Calculate the remainder when 26055837 is divided by 5211154.
67
What is the remainder when 1717580 is divided by 917?
39
What is the remainder when 653824 is divided by 168?
136
What is the remainder when 29811 is divided by 7409?
175
What is the remainder when 2620020 is divided by 1958?
216
What is the remainder when 785526 is divided by 13781?
9
What is the remainder when 9088302 is divided by 378679?
6
What is the remainder when 3554041 is divided by 583?
73
Calculate the remainder when 273891 is divided by 5568.
1059
Calculate the remainder when 123014773 is divided by 60.
13
What is the remainder when 205999 is divided by 50?
49
Calculate the remainder when 113948 is divided by 291.
167
What is the remainder when 80495 is divided by 18409?
6859
Calculate the remainder when 625869 is divided by 34.
31
What is the remainder when 3961111 is divided by 22?
11
What is the remainder when 823929 is divided by 82367?
259
Calculate the remainder when 52416 is divided by 17208.
792
What is the remainder when 227121446 is divided by 2289?
2288
What is the remainder when 2291002 is divided by 5800?
2
Calculate the remainder when 107154 is divided by 153.
54
What is the remainder when 48038 is divided by 1172?
1158
What is the remainder when 399258 is divided by 5623?
25
What is the remainder when 726287 is divided by 90669?
935
Calculate the remainder when 6923685 is divided by 2217.
2211
Calculate the remainder when 176051 is divided by 11390.
5201
What is the remainder when 607907 is divided by 5054?
1427
What is the remainder when 240801 is divided by 204?
81
Calculate the remainder when 701073 is divided by 225.
198
What is the remainder when 4483627 is divided by 4483621?
6
What is the remainder when 1921714 is divided by 174671?
333
What is the remainder when 150360 is divided by 156?
132
Calculate the remainder when 6182348 is divided by 2060751.
95
What is the remainder when 29949 is divided by 9866?
351
Calculate the remainder when 4045622 is divided by 18.
14
What is the remainder when 45483970 is divided by 138?
136
What is the remainder when 12999740 is divided by 453?
452
What is the remainder when 196930041 is divided by 36?
33
Calculate the remainder when 3333553 is divided by 3333485.
68
What is the remainder when 1840598 is divided by 102254?
26
What is the remainder when 5367300 is divided by 1052?
1048
What is the remainder when 4811403 is divided by 2825?
428
Calculate the remainder when 151591567 is divided by 16.
15
Calculate the remainder when 1399998 is divided by 99997.
40
What is the remainder when 49521133 is divided by 54?
1
What is the remainder when 402561 is divided by 3441?
3405
What is the remainder when 34627866 is divided by 3147986?
20
Calculate the remainder when 1255819 is divided by 138.
19
Calculate the remainder when 431667972 is divided by 3026.
3020
What is the remainder when 11227780 is divided by 90?
10
Calculate the remainder when 164118338 is divided by 11509.
11507
Calculate the remainder when 1500494 is divided by 115421.
21
What is the remainder when 925030 is divided by 1923?
67
Calculate the remainder when 451599 is divided by 854.
687
What is t